?
False
Is 50062 a prime number?
False
Is 4569217 composite?
False
Is 5173 a composite number?
True
Is 671417 a composite number?
False
Is 61871 a prime number?
True
Is 100087 prime?
False
Is 176951 prime?
True
Is 383585 a composite number?
True
Is 355171 a composite number?
False
Is 182639 composite?
False
Is 17903 a composite number?
False
Is 15121 a prime number?
True
Is 187897 a composite number?
False
Is 40253 a composite number?
False
Is 4831 a prime number?
True
Is 210751 prime?
False
Is 18803 a prime number?
True
Is 13253 a prime number?
False
Is 2336747 a prime number?
False
Is 41939 composite?
True
Is 21403 prime?
False
Is 19031 a prime number?
True
Is 13217 a composite number?
False
Is 894229 composite?
True
Is 203141 prime?
True
Is 2098858 composite?
True
Is 3305 composite?
True
Is 1363 a composite number?
True
Is 537497 prime?
True
Is 8039 composite?
False
Is 16277 composite?
True
Is 511 a composite number?
True
Is 13649 a prime number?
True
Is 1477511 prime?
False
Is 67651 composite?
False
Is 56521 prime?
False
Is 75203 prime?
False
Is 2630077 a composite number?
False
Is 2581 a composite number?
True
Is 20633 composite?
True
Is 4637 composite?
False
Is 196202 composite?
True
Is 2875165 a composite number?
True
Is 19289 composite?
False
Is 206637 composite?
True
Is 10541 composite?
True
Is 887 a composite number?
False
Is 11962 prime?
False
Is 16019 prime?
False
Is 16283 prime?
False
Is 754241 composite?
False
Is 12449 a composite number?
True
Is 30577 composite?
False
Is 295259 a composite number?
False
Is 40049 composite?
True
Is 40841 a prime number?
True
Is 623597 a prime number?
False
Is 49097 prime?
False
Is 6535 prime?
False
Is 10307 composite?
True
Is 73237 prime?
True
Is 751934 composite?
True
Is 188153 prime?
False
Is 487 prime?
True
Is 38351 a composite number?
False
Is 4547 prime?
True
Is 8141 composite?
True
Is 9953 a composite number?
True
Is 64291 a prime number?
False
Is 16129 prime?
False
Is 125131 a prime number?
True
Is 18229 prime?
True
Is 570013 prime?
True
Is 2159977 a prime number?
False
Is 82757 a prime number?
True
Is 7669 a prime number?
True
Is 19511 composite?
True
Is 20959 a prime number?
True
Is 3959 prime?
False
Is 15217 a composite number?
False
Is 3629 a composite number?
True
Is 136811 composite?
False
Is 83093 prime?
True
Is 41326 a composite number?
True
Is 238115 prime?
False
Is 191087 composite?
True
Is 2333 a prime number?
True
Is 12598 a prime number?
False
Is 4211 composite?
False
Is 16909 a prime number?
False
Is 35251 composite?
False
Is 1541 prime?
False
Is 14803 prime?
False
Is 24691 a prime number?
True
Is 6787 a prime number?
False
Is 68813 a composite number?
False
Is 141434 a composite number?
True
Is 517 a composite number?
True
Is 15917 prime?
False
Is 62173 a composite number?
True
Is 107441 composite?
False
Is 265459 prime?
True
Is 2921 a composite number?
True
Is 103718 composite?
True
Is 26797 composite?
True
Is 6227 a composite number?
True
Is 3166 composite?
True
Is 729395 a prime number?
False
Is 35311 composite?
False
Is 50339 prime?
False
Is 899123 a prime number?
True
Is 479779 composite?
True
Is 66641 composite?
True
Is 4241 composite?
False
Is 775987 a composite number?
False
Is 279289 a prime number?
False
Is 683567 a prime number?
True
Is 20893 composite?
True
Is 3389 composite?
False
Is 5027 a composite number?
True
Is 33141 composite?
True
Is 112991 composite?
True
Is 187053 a prime number?
False
Is 350927 a composite number?
True
Is 7991 composite?
True
Is 995 a prime number?
False
Is 21751 a composite number?
False
Is 254105 prime?
False
Is 1481 a composite number?
False
Is 38105 prime?
False
Is 52565 composite?
True
Is 73061 prime?
True
Is 421151 a prime number?
False
Is 8147 prime?
True
Is 735521 a prime number?
False
Is 59935 composite?
True
Is 1374187 prime?
True
Is 558607 a composite number?
True
Is 79451 a prime number?
True
Is 104833 a prime number?
False
Is 150239 composite?
False
Is 5623 prime?
True
Is 190797 a prime number?
False
Is 28477 a composite number?
False
Is 600019 a composite number?
True
Is 279541 prime?
True
Is 299 prime?
False
Is 122477 a prime number?
True
Is 32399 prime?
False
Is 8581 composite?
False
Is 32434 prime?
False
Is 21797 a prime number?
False
Is 5919 composite?
True
Is 201853 prime?
False
Is 32117 composite?
False
Is 108347 a prime number?
True
Is 24467 prime?
False
Is 13289 a prime number?
False
Is 70403 a prime number?
False
Is 379 composite?
False
Is 2111 composite?
False
Is 384359 a composite number?
False
Is 7781 composite?
True
Is 1268393 a prime number?
False
Is 700769 a prime number?
False
Is 251089 composite?
True
Is 809 a prime number?
True
Is 661321 a composite number?
False
Is 13057 prime?
False
Is 279859 prime?
False
Is 21509 a prime number?
False
Is 3109 a prime number?
True
Is 4541 a composite number?
True
Is 2927 composite?
False
Is 21089 prime?
True
Is 52951 prime?
True
Is 739939 prime?
False
Is 2893 prime?
False
Is 13045 a prime number?
False
Is 63695 a prime number?
False
Is 1346 composite?
True
Is 6629 a prime number?
False
Is 164017 a composite number?
True
Is 133259 a composite number?
True
Is 2665315 a prime number?
False
Is 2953063 composite?
False
Is 60019 a prime number?
False
Is 25019 a composite number?
True
Is 9031 prime?
False
Is 14662 composite?
True
Is 11783 a prime number?
True
Is 587101 a prime number?
True
Is 8287 a prime number?
True
Is 3943 a composite number?
False
Is 84773 prime?
False
Is 5137 prime?
False
Is 341423 a prime number?
True
Is 126305 prime?
False
Is 110623 a composite number?
False
Is 2437 prime?
True
Is 52879 a composite number?
False
Is 226063 prime?
True
Is 7403 a composite number?
True
Is 11731 a prime number?
True
Is 501 composite?
True
Is 938921 prime?
True
Is 181411 a prime number?
False
Is 356219 composite?
False
Is 14873 prime?
False
Is 474553 a prime number?
False
Is 15781 composite?
True
Is 787 a prime number?
True
Is 41371 a prime number?
False
Is 15259 prime?
True
Is 14503 a composite number?
False
Is 29567 composite?
False
Is 80071 a composite number?
False
Is 427711 composite?
False
Is 11073 prime?
False
Is 37757 prime?
False
Is 71741 composite?
False
Is 36026 prime?
False
Is 128671 composite?
True
Is 30029 a composite number?
False
Is 23341 composite?
True
Is 163 a composite number?
False
Is 137323 a composite number?
True
Is 1317 a prime number?
False
Is 170219 prime?
False
Is 237995 a prime number?
False
Is 39709 composite?
False
Is 45463 a prime number?
False
Is 2335 prime?
False
Is 39686 prime?
False
Is 1024427 prime?
True
Is 4481 composite?
False
Is 943 prime?
False
Is 301255 prime?
False
Is 11341 prime?
False
Is 3207 composite?
True
Is 244949 prime?
False
Is 535927 a prime number?
False
Is 769231 prime?
True
Is 40259 composite?
True
Is 123691 prime?
False
Is 2221871 prime?
True
Is 381979 a prime number?
False
Is 565 composite?
True
Is 6247 a prime number?
True
Is 5471 composite?
False
Is 234749 a prime number?
True
Is 43391 prime?
True
Is 51994 prime?
False
Is 81633 prime?
False
Is 11741 a composite number?
True
Is 8161 a prime number?
True
Is 36903 a prime number?
False
Is 913135 composite?
True
Is 130837 prime?
False
Is 10427 a composite number?
False
Is 36737 prime?
False
Is 1653117 composite?
True
Is 59506 composite?
True
Is 37253 a prime number?
True
Is 16078 a composite number?
True
Is 443 composite?
False
Is 126199 prime?
True
Is 2295401 a composite number?
False
Is 9587 a prime number?
True
Is 2897 prime?
True
Is 25339 a composite number?
False
Is 6607 a composite number?
False
Is 14263 composite?
True
Is 2991 prime?
False
Is 2637581 prime?
True
Is 2153 prime?
True
Is 3833 a composite number?
False
Is 490081 composite?
True
Is 2927 prime?
True
Is 1128887 composite?
True
Is 22987 composite?
True
Is 17533 a composite number?
True
Is 631 composite?
False
Is 826229 prime?
False
Is 24913 composite?
True
Is 76403 composite?
False
Is 71059 a composite number?
False
Is 15727 a prime number?
True
Is 18539 a prime number?
True
Is 45281 composite?
False
Is 701 prime?
True
Is 10135 prime?
False
Is 293717 prime?
True
Is 988051 composite?
False
Is 28991 prime?
False
Is 13043 prime?
True
Is 27609 a composite number?
True
Is 21415 a prime number?
False
Is 1